of x?
7
Let b(m) = m + 47. What is the tens digit of b(0)?
4
Let t(c) = c - 6. Let f be -1*(-10)/(0 + 2). Let o be t(f). Let u(d) = -3*d**3 + d. What is the units digit of u(o)?
2
Let z(k) = -k**3 + 12*k**2 + 10*k - 5. What is the tens digit of z(11)?
2
Let f be 4/10 - (-8)/5. Let c be f*1/(-2)*-3. Suppose -c*i + 24 = 3. What is the units digit of i?
7
Let z(m) = 7*m - 3. What is the units digit of z(6)?
9
Suppose 4 = 5*d - 21. Suppose -3*i = 2*a - 2 + 8, -2*i - d*a = 4. What is the units digit of (-1)/(2/i + 0)?
1
What is the tens digit of (-1)/(-2*3/114)?
1
Suppose -4 = z + z. Let l be (30/(-9))/(z/(-6)). What is the units digit of 3/(l/16 - -1)?
8
Let a = 4 + -2. Suppose 5*k - a*k = 15. What is the units digit of k?
5
Suppose 40 = 3*j + 124. Let x be -12*4 - (-1 + -2). Let g = j - x. What is the tens digit of g?
1
Suppose 37 = 3*u + 4. Let i be 40 + 2 + 0 - 1. Suppose -i - u = -4*d. What is the tens digit of d?
1
Let f(w) = -w + 6. Let g be f(6). Suppose -5 = -5*j, -5*p = -g*p + 4*j - 64. What is the tens digit of p?
1
Let r = -2 + 1. Let j = 5 + r. What is the units digit of j?
4
Let s = -22 + 76. What is the units digit of s?
4
What is the units digit of (32/6)/((-2)/(-18))?
8
Suppose -2*m = -335 + 137. What is the tens digit of m?
9
Suppose -2*h = -5*i + 19, -4*i + 10 = -3*h - 8. Suppose -7 - i = 5*z. What is the units digit of 2/(26/12 + z)?
2
Let l(v) = 14*v**2 - 8*v + 5. What is the hundreds digit of l(3)?
1
Let h = -2 + 8. Suppose -3*t = -m - m + 17, -2*t = -h. What is the tens digit of m?
1
Let w(p) = -2*p - 1. Suppose n = -4*n - 10. Let a be w(n). Suppose 2*t - 3*y = 6, a*t - 4*y - 9 = -0*y. What is the units digit of t?
3
Suppose -4*n + 20 = n. Let z = 7 - n. Let f(t) = t**2 - 3*t + 2. What is the units digit of f(z)?
2
Let a(z) = 3*z**2 + 4*z - 16. What is the units digit of a(5)?
9
Suppose 3*f - 3 = 2*f. Let x(u) = 2*u**3 - 3*u**2 - u + 4. What is the tens digit of x(f)?
2
Let t = -1 + 3. Let x = 8 + t. Let v = 15 - x. What is the units digit of v?
5
What is the tens digit of (-2)/7 - 429/(-7)?
6
Suppose 0 = -2*g - g + 3, 2*u - 5*g = 33. What is the units digit of u?
9
Suppose 4*r + 8 = -2*v, 0 = -5*v - 2*r + 7*r + 55. Let n(k) = k**2 - 5*k - 4. What is the units digit of n(v)?
2
Suppose 2*j + 0*b + 6 = 2*b, -2*j - 3*b - 16 = 0. Let f = 7 + j. Suppose f*q - 14 + 0 = 0. What is the units digit of q?
7
Let w(j) be the second derivative of -j + 1/6*j**4 + 0 + 1/2*j**2 + 1/3*j**3. What is the units digit of w(-1)?
1
Let c = 170 - 262. What is the units digit of 1/2 - c/8?
2
Let n = -6 - -3. What is the tens digit of (-3 + -14)*n/3?
1
Let t = 9 + -8. Let g(y) = t - 5 + y + y**3 + 3. What is the units digit of g(1)?
1
Let t(s) = s + 2*s - s - 3 - s. Let u be t(6). What is the units digit of u/4 - (-3)/12?
1
What is the units digit of ((-2)/3)/((-8)/468)?
9
What is the units digit of ((-2)/(-6))/(11/561)?
7
Suppose -4*b - 116 = -3*m - 319, -4*m = 20. What is the tens digit of b?
4
Let d(q) = 2*q + 1. Let g be d(2). Suppose 4*t = 3*v - 16, 4*t + 19 + 13 = g*v. What is the units digit of v?
8
Let a = 3 + -10. Let o(p) = -p**3 - 6*p**2 + 4*p - 7. What is the units digit of o(a)?
4
Let a = -26 + 64. Let i(d) = 56*d**2 - 1. Let g be i(-1). Let k = g - a. What is the tens digit of k?
1
Suppose -3*q - 2*q - 2 = z, -3*z + 45 = -2*q. What is the tens digit of z?
1
Suppose 3*v - 3*w = -6, 0*v + 5*w - 10 = 3*v. Let x = v - -4. Suppose -3*b + 3*a = -3, 2*b - 11 = -x*a + 15. What is the units digit of b?
5
Let q(n) = -n**3 + 7*n**2 - 6*n + 5. Let f be q(5). Suppose -7*l + 2*l = -f. Suppose 3*p = -w - 2*p + 4, -l*p = 10. What is the tens digit of w?
1
Suppose 3*r = 2*v + 112, 2*r - v - 58 = -3*v. What is the tens digit of r/8*(1 + 3)?
1
Let i(o) = -o**3 + 7*o**2 - 5*o - 4. Let h be i(6). Suppose 4*l - 36 + 24 = 0. Suppose -h*y + y - z = -8, 3*z = l*y - 18. What is the units digit of y?
7
Suppose -2 = -2*i + 4. Suppose i*n - 30 = -6. What is the units digit of n?
8
Suppose -41 = -3*i + 100. Suppose -4*l + i = t - 4*t, l - 10 = -t. What is the units digit of l?
1
Suppose 0*j = -2*j - 24. Let l be j*(1 - (-9)/(-6)). What is the units digit of 4 - l - (-8)/2?
2
Let c be (-1)/4 - 72/(-32). Suppose c*n - 1 = 1. What is the units digit of n?
1
Let f = 29 - 43. Let a(n) = -n + 5. Let l be a(7). What is the tens digit of (l + 8/7)*f?
1
Suppose 2*v = 3*v - 5, 0 = s - 5*v + 25. Suppose -b + 4 + 15 = s. What is the tens digit of b?
1
Let r(s) = -2*s. Let z be r(7). Let b = 47 + z. Suppose 4*g - b = -t, -3*t = -2*g + 2*t + 33. What is the units digit of g?
9
Suppose 3 + 0 = 3*p. What is the tens digit of 14 + 2 + 0 + p?
1
Let s be (3 - -2) + (0 - 2). Suppose l - s*z + 24 = 6*l, -3*z - 3 = -4*l. What is the units digit of l?
3
Let a = 3 - -21. What is the tens digit of a?
2
Let k(f) = 16*f**2 + 16*f + 10. Let u(l) = 3*l**2 + 3*l + 2. Let g(m) = -2*k(m) + 11*u(m). What is the units digit of g(-3)?
8
Suppose 0 = 3*t + 14 - 2. Let m = t - -8. What is the units digit of m?
4
Suppose 5*k = 245 + 45. What is the units digit of k?
8
Suppose -3*m + 38 + 22 = 0. What is the units digit of m?
0
Let w = -23 - -3. Let r = -13 - w. What is the units digit of r?
7
Let n = 180 - 99. What is the units digit of n?
1
Suppose 0 = -z + 1 + 5. What is the tens digit of 2/z*111 + 0?
3
Let m = -35 - -63. Suppose p - m = -p. What is the units digit of p?
4
What is the tens digit of (15/(-6))/((-2)/44)?
5
Suppose 0 = h - 3*u - 2 + 4, -h - 3*u + 4 = 0. Let q be (-2*1/2)/h. What is the tens digit of 10*(q - -2 - 0)?
1
Let p(i) = 6*i**3 + 8*i**2 - 8*i - 9. Let z(v) = -7*v**3 - 9*v**2 + 9*v + 10. Let f(x) = -6*p(x) - 5*z(x). Let l = 9 - 13. What is the units digit of f(l)?
8
Suppose 0 = -4*m - 0*m + 12. Let z = -9 + 19. Suppose -m*a - 2*a - 2*x = -1, -3*x = -4*a + z. What is the units digit of a?
1
What is the units digit of 2/(-2) + 275 + -18?
6
What is the units digit of (15/(-5))/((-2)/14)?
1
Let h be (1 + -2)*1 - -2. Let n = h + 0. What is the units digit of n?
1
Let b(u) = -u**3 - 6*u**2 - u + 3. Let d be b(-6). Let g be (-20)/(-3) + 3/d. Suppose 2*a = g*a - 35. What is the units digit of a?
7
Suppose -116 = -o - 3*o. Let m = 5 - o. What is the tens digit of (m/5)/(6/(-20))?
1
Let l be (-6)/(2 - 4 - -1). Suppose -2*r + 3*z - 8 = -r, 5*r + 4*z - 36 = 0. Suppose -3*n + r*n - l = 0. What is the units digit of n?
6
Suppose -9*l = -3*l - 1950. What is the tens digit of l?
2
Let b = -379 - -604. What is the tens digit of b?
2
Suppose 53 = w + k + k, 0 = -5*k + 10. What is the tens digit of w?
4
Suppose -h = 3*i - 8 - 0, 4*i = h + 6. Suppose i*s = -s + 60. What is the tens digit of s?
2
Let y(t) = t**2 - 8*t + 10. Let q be y(7). Suppose -4*c = -q*c - 35. What is the tens digit of c?
3
Let d(g) = g**2 - 6*g - 13. Let h be d(9). Let b be (-4)/h + 61/(-7). What is the units digit of (-16)/72 - 47/b?
5
Let l(p) = p**2 + p + 15. What is the units digit of l(-9)?
7
Suppose 4*p = 4*t + 24, 0 = -3*t + 5*p - 18 - 4. Let v = 16 + t. What is the tens digit of v?
1
Let r(c) = 8*c**2 - 4*c - 1. Let s(o) = -o + 3. Let p be s(0). Let v be r(p). Let t = v - 39. What is the units digit of t?
0
Let k(h) be the second derivative of h**5/20 + 7*h**4/12 + 5*h**3/6 - 3*h**2 + h. Let c be k(-6). Suppose c*z - 40 = -5*z. What is the units digit of z?
8
Let o = 60 - 42. Let g be (2/6)/(3/o). Suppose -42 = -2*y - 2*h, 3*y = g*h + 2*h + 63. What is the units digit of y?
1
Let p(w) = -w**2 - 2*w - 2. Let x be p(-4). Suppose 2*i - 69 = -i. Let a = i + x. What is the units digit of a?
3
What is the hundreds digit of ((-8)/(-6))/((-26)/(-5421))?
2
Let v be (189/(-12))/(3/12). Let c = 39 + v. Let l = -14 - c. What is the tens digit of l?
1
Suppose -527 = -8*t + 385. What is the tens digit of t?
1
Let y(a) = 3*a**3 + 3*a**2 - a - 3. What is the hundreds digit of y(3)?
1
Let x be (-76)/(-20) - (-2)/10. What is the tens digit of 11 - (16/x - 3)?
1
Let p = 84 + 71. What is the units digit of p?
5
Suppose -i + 45 = 16. What is the units digit of i?
9
Let o(l) = -4*l + 5. Let m be o(-4). Let r = 38 - m. What is the units digit of r?
7
Suppose -y + 990 = 8*y. What is the hundreds digit of y?
1
Let g be 22*(0 + 2 + -1). Let b = -9 + g. Let j = 21 - b. What is the units digit of j?
8
Let c(b) = -b**3 + 8*b**2 + b - 5. Let u be c